{"id":803,"date":"2025-04-10T18:21:14","date_gmt":"2025-04-10T22:21:14","guid":{"rendered":"https:\/\/elzainolagunaelcopin.cl\/?page_id=803"},"modified":"2025-04-10T18:21:14","modified_gmt":"2025-04-10T22:21:14","slug":"conservacion-en-aconcagua","status":"publish","type":"page","link":"https:\/\/elzainolagunaelcopin.cl\/index.php\/conservacion-en-aconcagua\/","title":{"rendered":"Conservaci\u00f3n en Aconcagua"},"content":{"rendered":"<div  class='flex_column av-av_one_full-4453fbc7e8da734fe9d5824da1c72891 av_one_full  avia-builder-el-0  el_before_av_one_full  avia-builder-el-first  first flex_column_div  '     ><style type=\"text\/css\" data-created_by=\"avia_inline_auto\" id=\"style-css-av-m9bx9eui-9f7013be46a5f3b3ce484fb828670c72\">\n.avia-image-container.av-m9bx9eui-9f7013be46a5f3b3ce484fb828670c72 img.avia_image{\nbox-shadow:none;\n}\n.avia-image-container.av-m9bx9eui-9f7013be46a5f3b3ce484fb828670c72 .av-image-caption-overlay-center{\ncolor:#ffffff;\n}\n<\/style>\n<div  class='avia-image-container av-m9bx9eui-9f7013be46a5f3b3ce484fb828670c72 av-styling- avia_animated_image av-animated-when-visible-95 fade-in avia-align-center  avia-builder-el-1  avia-builder-el-no-sibling '   itemprop=\"image\" itemscope=\"itemscope\" itemtype=\"https:\/\/schema.org\/ImageObject\" ><div class=\"avia-image-container-inner\"><div class=\"avia-image-overlay-wrap\"><img decoding=\"async\" fetchpriority=\"high\" class='wp-image-805 avia-img-lazy-loading-not-805 avia_image ' src=\"https:\/\/elzainolagunaelcopin.cl\/home\/wp-content\/uploads\/2025\/04\/areas-de-conservacion.jpg\" alt='\u00c1reas de conservaci\u00f3n' title='\u00c1reas de conservaci\u00f3n'  height=\"1811\" width=\"1280\"  itemprop=\"thumbnailUrl\" srcset=\"https:\/\/elzainolagunaelcopin.cl\/home\/wp-content\/uploads\/2025\/04\/areas-de-conservacion.jpg 1280w, https:\/\/elzainolagunaelcopin.cl\/home\/wp-content\/uploads\/2025\/04\/areas-de-conservacion-212x300.jpg 212w, https:\/\/elzainolagunaelcopin.cl\/home\/wp-content\/uploads\/2025\/04\/areas-de-conservacion-728x1030.jpg 728w, https:\/\/elzainolagunaelcopin.cl\/home\/wp-content\/uploads\/2025\/04\/areas-de-conservacion-768x1087.jpg 768w, https:\/\/elzainolagunaelcopin.cl\/home\/wp-content\/uploads\/2025\/04\/areas-de-conservacion-1086x1536.jpg 1086w, https:\/\/elzainolagunaelcopin.cl\/home\/wp-content\/uploads\/2025\/04\/areas-de-conservacion-1060x1500.jpg 1060w, https:\/\/elzainolagunaelcopin.cl\/home\/wp-content\/uploads\/2025\/04\/areas-de-conservacion-498x705.jpg 498w\" sizes=\"(max-width: 1280px) 100vw, 1280px\" \/><\/div><\/div><\/div><\/div><div  class='flex_column av-bt0hi-942bf95a66004c304dee10b62d9d1f64 av_one_full  avia-builder-el-2  el_after_av_one_full  avia-builder-el-last  first flex_column_div av-animated-generic bottom-to-top  column-top-margin'     ><section  class='av_textblock_section av-m4kgn273-db74772033127f2559d94550ee71fcfd '   itemscope=\"itemscope\" itemtype=\"https:\/\/schema.org\/CreativeWork\" ><div class='avia_textblock'  itemprop=\"text\" ><p>Durante el 2024 CIEM ACONCAGUA ha desarrollado el proyecto MOSAICO DE CONSERVACI\u00d3N AMBIENTAL COMUNITARIA EN ACONCAGUA, que busca potenciar la colaboraci\u00f3n entre distintas iniciativas de conservaci\u00f3n en el valle, compartir nuestras experiencias y ojal\u00e1 formar una red.<\/p>\n<p>As\u00ed como hacen las aves, las semillas, los r\u00edos o el gato andino, que vuelan y van de un santuario a otro, de un parque a un cerro isla dentro del valle.<\/p>\n<p>El <strong>Santuario El Zaino Laguna El Cop\u00edn<\/strong> ha sido una parte central de este proyecto, para reforzar nuestra estructura de manejo, cuidado, difusi\u00f3n y contactos con nuestros territorios.<\/p>\n<p>Otras iniciativas son:<\/p>\n<p>Santuario Serran\u00eda El Cipr\u00e9s <a href=\"https:\/\/serraniaelcipres.cl\/\" target=\"_blank\" rel=\"noopener\">https:\/\/serraniaelcipres.cl\/<\/a><br \/>\nParque La Giganta <a href=\"https:\/\/parquelagiganta.cl\/\" target=\"_blank\" rel=\"noopener\">https:\/\/parquelagiganta.cl\/<\/a><br \/>\nParque Andino Juncal <a href=\"https:\/\/parqueandinojuncal.cl\/\" target=\"_blank\" rel=\"noopener\">https:\/\/parqueandinojuncal.cl\/<\/a><br \/>\nCerro San Francisco &#8211; Vivo Curim\u00f3n <a href=\"https:\/\/www.fundacionlepe.cl\/vivo-curimon\/\" target=\"_blank\" rel=\"noopener\">https:\/\/www.fundacionlepe.cl\/vivo-curimon\/<\/a><\/p>\n<\/div><\/section><\/div><\/p>\n","protected":false},"excerpt":{"rendered":"","protected":false},"author":1,"featured_media":0,"parent":0,"menu_order":0,"comment_status":"closed","ping_status":"closed","template":"","meta":{"footnotes":""},"class_list":["post-803","page","type-page","status-publish","hentry"],"yoast_head":"<!-- This site is optimized with the Yoast SEO plugin v26.2 - https:\/\/yoast.com\/wordpress\/plugins\/seo\/ -->\n<title>Conservaci\u00f3n en Aconcagua - El Zaino Laguna El Cop\u00edn<\/title>\n<meta name=\"robots\" content=\"index, follow, max-snippet:-1, max-image-preview:large, max-video-preview:-1\" \/>\n<link rel=\"canonical\" href=\"https:\/\/elzainolagunaelcopin.cl\/index.php\/conservacion-en-aconcagua\/\" \/>\n<meta property=\"og:locale\" content=\"es_ES\" \/>\n<meta property=\"og:type\" content=\"article\" \/>\n<meta property=\"og:title\" content=\"Conservaci\u00f3n en Aconcagua - El Zaino Laguna El Cop\u00edn\" \/>\n<meta property=\"og:url\" content=\"https:\/\/elzainolagunaelcopin.cl\/index.php\/conservacion-en-aconcagua\/\" \/>\n<meta property=\"og:site_name\" content=\"El Zaino Laguna El Cop\u00edn\" \/>\n<meta name=\"twitter:card\" content=\"summary_large_image\" \/>\n<meta name=\"twitter:label1\" content=\"Tiempo de lectura\" \/>\n\t<meta name=\"twitter:data1\" content=\"8 minutos\" \/>\n<script type=\"application\/ld+json\" class=\"yoast-schema-graph\">{\"@context\":\"https:\/\/schema.org\",\"@graph\":[{\"@type\":\"WebPage\",\"@id\":\"https:\/\/elzainolagunaelcopin.cl\/index.php\/conservacion-en-aconcagua\/\",\"url\":\"https:\/\/elzainolagunaelcopin.cl\/index.php\/conservacion-en-aconcagua\/\",\"name\":\"Conservaci\u00f3n en Aconcagua - El Zaino Laguna El Cop\u00edn\",\"isPartOf\":{\"@id\":\"https:\/\/elzainolagunaelcopin.cl\/#website\"},\"datePublished\":\"2025-04-10T22:21:14+00:00\",\"breadcrumb\":{\"@id\":\"https:\/\/elzainolagunaelcopin.cl\/index.php\/conservacion-en-aconcagua\/#breadcrumb\"},\"inLanguage\":\"es\",\"potentialAction\":[{\"@type\":\"ReadAction\",\"target\":[\"https:\/\/elzainolagunaelcopin.cl\/index.php\/conservacion-en-aconcagua\/\"]}]},{\"@type\":\"BreadcrumbList\",\"@id\":\"https:\/\/elzainolagunaelcopin.cl\/index.php\/conservacion-en-aconcagua\/#breadcrumb\",\"itemListElement\":[{\"@type\":\"ListItem\",\"position\":1,\"name\":\"Portada\",\"item\":\"https:\/\/elzainolagunaelcopin.cl\/index.php\/home\/\"},{\"@type\":\"ListItem\",\"position\":2,\"name\":\"Conservaci\u00f3n en Aconcagua\"}]},{\"@type\":\"WebSite\",\"@id\":\"https:\/\/elzainolagunaelcopin.cl\/#website\",\"url\":\"https:\/\/elzainolagunaelcopin.cl\/\",\"name\":\"El Zaino Laguna El Cop\u00edn\",\"description\":\"\",\"publisher\":{\"@id\":\"https:\/\/elzainolagunaelcopin.cl\/#organization\"},\"potentialAction\":[{\"@type\":\"SearchAction\",\"target\":{\"@type\":\"EntryPoint\",\"urlTemplate\":\"https:\/\/elzainolagunaelcopin.cl\/?s={search_term_string}\"},\"query-input\":{\"@type\":\"PropertyValueSpecification\",\"valueRequired\":true,\"valueName\":\"search_term_string\"}}],\"inLanguage\":\"es\"},{\"@type\":\"Organization\",\"@id\":\"https:\/\/elzainolagunaelcopin.cl\/#organization\",\"name\":\"El Zaino Laguna El Cop\u00edn\",\"url\":\"https:\/\/elzainolagunaelcopin.cl\/\",\"logo\":{\"@type\":\"ImageObject\",\"inLanguage\":\"es\",\"@id\":\"https:\/\/elzainolagunaelcopin.cl\/#\/schema\/logo\/image\/\",\"url\":\"https:\/\/elzainolagunaelcopin.cl\/home\/wp-content\/uploads\/2024\/12\/favicon.png\",\"contentUrl\":\"https:\/\/elzainolagunaelcopin.cl\/home\/wp-content\/uploads\/2024\/12\/favicon.png\",\"width\":512,\"height\":512,\"caption\":\"El Zaino Laguna El Cop\u00edn\"},\"image\":{\"@id\":\"https:\/\/elzainolagunaelcopin.cl\/#\/schema\/logo\/image\/\"}}]}<\/script>\n<!-- \/ Yoast SEO plugin. -->","yoast_head_json":{"title":"Conservaci\u00f3n en Aconcagua - El Zaino Laguna El Cop\u00edn","robots":{"index":"index","follow":"follow","max-snippet":"max-snippet:-1","max-image-preview":"max-image-preview:large","max-video-preview":"max-video-preview:-1"},"canonical":"https:\/\/elzainolagunaelcopin.cl\/index.php\/conservacion-en-aconcagua\/","og_locale":"es_ES","og_type":"article","og_title":"Conservaci\u00f3n en Aconcagua - El Zaino Laguna El Cop\u00edn","og_url":"https:\/\/elzainolagunaelcopin.cl\/index.php\/conservacion-en-aconcagua\/","og_site_name":"El Zaino Laguna El Cop\u00edn","twitter_card":"summary_large_image","twitter_misc":{"Tiempo de lectura":"8 minutos"},"schema":{"@context":"https:\/\/schema.org","@graph":[{"@type":"WebPage","@id":"https:\/\/elzainolagunaelcopin.cl\/index.php\/conservacion-en-aconcagua\/","url":"https:\/\/elzainolagunaelcopin.cl\/index.php\/conservacion-en-aconcagua\/","name":"Conservaci\u00f3n en Aconcagua - El Zaino Laguna El Cop\u00edn","isPartOf":{"@id":"https:\/\/elzainolagunaelcopin.cl\/#website"},"datePublished":"2025-04-10T22:21:14+00:00","breadcrumb":{"@id":"https:\/\/elzainolagunaelcopin.cl\/index.php\/conservacion-en-aconcagua\/#breadcrumb"},"inLanguage":"es","potentialAction":[{"@type":"ReadAction","target":["https:\/\/elzainolagunaelcopin.cl\/index.php\/conservacion-en-aconcagua\/"]}]},{"@type":"BreadcrumbList","@id":"https:\/\/elzainolagunaelcopin.cl\/index.php\/conservacion-en-aconcagua\/#breadcrumb","itemListElement":[{"@type":"ListItem","position":1,"name":"Portada","item":"https:\/\/elzainolagunaelcopin.cl\/index.php\/home\/"},{"@type":"ListItem","position":2,"name":"Conservaci\u00f3n en Aconcagua"}]},{"@type":"WebSite","@id":"https:\/\/elzainolagunaelcopin.cl\/#website","url":"https:\/\/elzainolagunaelcopin.cl\/","name":"El Zaino Laguna El Cop\u00edn","description":"","publisher":{"@id":"https:\/\/elzainolagunaelcopin.cl\/#organization"},"potentialAction":[{"@type":"SearchAction","target":{"@type":"EntryPoint","urlTemplate":"https:\/\/elzainolagunaelcopin.cl\/?s={search_term_string}"},"query-input":{"@type":"PropertyValueSpecification","valueRequired":true,"valueName":"search_term_string"}}],"inLanguage":"es"},{"@type":"Organization","@id":"https:\/\/elzainolagunaelcopin.cl\/#organization","name":"El Zaino Laguna El Cop\u00edn","url":"https:\/\/elzainolagunaelcopin.cl\/","logo":{"@type":"ImageObject","inLanguage":"es","@id":"https:\/\/elzainolagunaelcopin.cl\/#\/schema\/logo\/image\/","url":"https:\/\/elzainolagunaelcopin.cl\/home\/wp-content\/uploads\/2024\/12\/favicon.png","contentUrl":"https:\/\/elzainolagunaelcopin.cl\/home\/wp-content\/uploads\/2024\/12\/favicon.png","width":512,"height":512,"caption":"El Zaino Laguna El Cop\u00edn"},"image":{"@id":"https:\/\/elzainolagunaelcopin.cl\/#\/schema\/logo\/image\/"}}]}},"_links":{"self":[{"href":"https:\/\/elzainolagunaelcopin.cl\/index.php\/wp-json\/wp\/v2\/pages\/803","targetHints":{"allow":["GET"]}}],"collection":[{"href":"https:\/\/elzainolagunaelcopin.cl\/index.php\/wp-json\/wp\/v2\/pages"}],"about":[{"href":"https:\/\/elzainolagunaelcopin.cl\/index.php\/wp-json\/wp\/v2\/types\/page"}],"author":[{"embeddable":true,"href":"https:\/\/elzainolagunaelcopin.cl\/index.php\/wp-json\/wp\/v2\/users\/1"}],"replies":[{"embeddable":true,"href":"https:\/\/elzainolagunaelcopin.cl\/index.php\/wp-json\/wp\/v2\/comments?post=803"}],"version-history":[{"count":2,"href":"https:\/\/elzainolagunaelcopin.cl\/index.php\/wp-json\/wp\/v2\/pages\/803\/revisions"}],"predecessor-version":[{"id":806,"href":"https:\/\/elzainolagunaelcopin.cl\/index.php\/wp-json\/wp\/v2\/pages\/803\/revisions\/806"}],"wp:attachment":[{"href":"https:\/\/elzainolagunaelcopin.cl\/index.php\/wp-json\/wp\/v2\/media?parent=803"}],"curies":[{"name":"wp","href":"https:\/\/api.w.org\/{rel}","templated":true}]}}